ine x(20).
-4
Let q(d) = 598*d**2 + 9542*d - 419. What is q(-16)?
-3
Let m(g) = -94*g**2 + 7701*g - 141944. Calculate m(28).
-12
Let y(f) = 111*f**2 - 618*f - 27. What is y(6)?
261
Let o(a) = 1916*a - 30266. Calculate o(16).
390
Let a(u) = -599*u**2 - 25157*u + 77. Give a(-42).
35
Let r(h) = -43583*h**2 + 261459*h - 3. What is r(6)?
-237
Let i(s) = 34*s**3 + 13947*s**2 + 2870*s + 4. Give i(-410).
4
Let k(c) = -7*c**2 - 90*c - 322. What is k(-7)?
-35
Let m(b) = -3578*b - 16629. Give m(-5).
1261
Let x(v) = -v**2 + 372*v - 34446. Give x(175).
29
Let b(g) = 4*g**2 + 2145*g + 39336. Determine b(-19).
25
Let p(s) = -s**3 - 22*s**2 - 198*s - 7837. Calculate p(-26).
15
Let a(t) = t**2 + 1576*t - 36444. What is a(23)?
333
Let a(b) = b**3 - 114*b**2 + 2160*b - 13. Calculate a(90).
-13
Let m(u) = -47*u**3 + 1222*u**2 - 19*u + 439. Give m(26).
-55
Let k(t) = 5*t**2 - 167*t - 742. Determine k(-5).
218
Let d(r) = -2*r**2 - 197*r - 1435. Calculate d(-92).
-239
Let m(p) = -2*p**3 - 53*p**2 + 68*p + 105. What is m(-27)?
-1002
Let v(x) = -30158*x**2 + 361894*x + 20. Calculate v(12).
-4
Let d(q) = q**2 + 78011*q + 1481860. Calculate d(-19).
12
Let r(z) = -50673*z + 152031. Give r(3).
12
Let t(z) = z**3 - 59*z**2 + 240*z - 3982. Calculate t(56).
50
Let g(x) = -8*x**3 + 644*x**2 + 329*x - 401. What is g(81)?
4
Let f(r) = -158*r**2 + 5209*r + 167. Determine f(33).
2
Let m(d) = d**3 + 99*d**2 + 43*d - 55330. Calculate m(-92).
-38
Let c(q) = 70872*q + 141706. Give c(-2).
-38
Let t(n) = 3*n**2 + 3608*n + 3606. What is t(-1)?
1
Let f(l) = 19*l**2 + 2578*l - 10613. Calculate f(4).
3
Let b(n) = -6*n**2 - 8042*n - 56006. Determine b(-7).
-6
Let j(k) = -6013*k - 1972259. Calculate j(-328).
5
Let w(r) = -1568*r - 1897. Give w(-1).
-329
Let v(y) = -36*y**2 - 521*y + 67. Determine v(-14).
305
Let u(c) = -974*c - 10418. Give u(-10).
-678
Let g(a) = a**3 + 3*a**2 - 342*a - 2765. Determine g(-13).
-9
Let k(y) = -y**3 + 2*y**2 + 47*y + 594. Calculate k(0).
594
Let c(m) = -6*m**2 - 3733*m + 26202. Determine c(7).
-223
Let l(b) = 14*b**2 + 14291*b - 2080352. Calculate l(-1150).
-2
Let z(o) = 179*o - 3153. What is z(14)?
-647
Let v(n) = -2*n**3 + 143*n**2 - 11*n - 2473. Determine v(71).
1787
Let h(m) = 206*m + 24418. Determine h(-118).
110
Let o(i) = 56536*i - 3561774. What is o(63)?
-6
Let b(k) = 17685*k - 106158. Determine b(6).
-48
Let f(t) = 1570*t - 14279. Determine f(9).
-149
Let x(o) = 4004*o - 1057018. Calculate x(264).
38
Let a(t) = -10*t**2 + 1995*t + 104328. Give a(-43).
53
Let g(p) = 14*p**2 + 1045*p - 389. What is g(-75)?
-14
Let m(i) = -i**3 + 100*i**2 + 2894*i - 7990. Calculate m(123).
5
Let i(d) = -6847*d - 205377. Give i(-30).
33
Let g(s) = -2*s**2 - 10*s + 64. Calculate g(6).
-68
Let j(g) = g**2 + 755*g - 57753. Calculate j(70).
-3
Let i(u) = u**2 + 3971*u - 1276688. Determine i(299).
42
Let x(u) = -44*u**2 + 640*u - 631. Give x(1).
-35
Let d(x) = 110109*x - 60. Determine d(0).
-60
Let c(f) = -462*f**2 + 2301*f + 79. What is c(5)?
34
Let r(z) = -528*z - 29031. What is r(-54)?
-519
Let p(n) = 505*n + 8504. What is p(-17)?
-81
Let d(l) = -7*l**3 + 190*l**2 - 30*l + 112. Determine d(27).
31
Let m(s) = 364*s**3 - 6921*s**2 + 100*s + 12. Determine m(19).
107
Let l(g) = 6*g**2 - 218*g + 1645. What is l(11)?
-27
Let h(x) = -37*x**2 + 14993*x + 42022. Calculate h(408).
-2
Let p(h) = -h**3 - 347*h**2 - 29210*h + 4473. Determine p(-203).
7
Let z(w) = -4*w**3 - 205*w**2 + 1823*w + 95581. Determine z(-51).
7
Let t(w) = -16*w**3 + 37*w**2 + 64*w - 89. Give t(3).
4
Let b(x) = -4*x**3 - 81*x**2 - 1217*x - 23939. Determine b(-20).
1
Let s(j) = j**2 + 1723*j + 59079. What is s(-35)?
-1
Let p(d) = 63*d**2 + 177*d - 131. Determine p(-3).
-95
Let r(z) = -21598*z - 863934. Determine r(-40).
-14
Let x(c) = -6338*c - 44385. Determine x(-7).
-19
Let a(p) = p**2 + 6498*p + 219826. Give a(-34).
50
Let u(s) = 65*s**2 - 2390*s + 2380. Give u(1).
55
Let i(d) = -2*d**3 + 9*d**2 + 410*d - 2038. What is i(5)?
-13
Let z(k) = 12*k**2 - 432*k + 2059. Calculate z(7).
-377
Let g(m) = 3*m**3 - 182*m**2 + 308*m - 930. What is g(59)?
-163
Let o(d) = -d**3 + 339*d**2 - 2983*d + 4298. Give o(330).
8
Let s(y) = 4*y**2 - 236*y + 2237. Give s(10).
277
Let n(u) = -u**2 - 80*u + 8580. Calculate n(61).
-21
Let l(i) = 8*i**2 + 170*i - 6658. Calculate l(-41).
-180
Let h(o) = -9*o**2 - 1260*o - 5794. Determine h(-135).
281
Let n(u) = -483*u + 147808. What is n(306)?
10
Let f(j) = -4*j**3 - 75*j**2 - 11*j + 160. What is f(-15)?
-3050
Let r(k) = -3*k**2 + 173*k + 2293. Calculate r(-11).
27
Let q(m) = -5*m**3 + 143*m**2 - 517*m + 1822. Determine q(25).
147
Let o(n) = -2*n**2 + 216*n + 8058. What is o(137)?
112
Let n(b) = -31349*b + 2100376. Determine n(67).
-7
Let t(o) = 77*o**3 + 697*o**2 + 29*o + 366. What is t(-9)?
429
Let k(x) = 295*x**3 + 69325*x**2 + 27*x + 6355. Determine k(-235).
10
Let k(v) = -985*v + 847. What is k(1)?
-138
Let i(p) = -p**3 - 27*p**2 - 75*p + 682. Give i(-23).
291
Let d(l) = 1090*l - 301915. Give d(277).
15
Let c(a) = -201*a - 1809. Give c(-9).
0
Let r(s) = s**3 + 42*s**2 - 14187*s - 1299. Determine r(100).
1
Let y(n) = 6*n**3 + 52*n**2 + 12*n + 32. Calculate y(-6).
536
Let z(t) = 44*t**2 + 461*t - 60. Give z(-11).
193
Let i(y) = -34304*y + 68564. Determine i(2).
-44
Let m(c) = c**3 + 12*c**2 - 77*c - 892. Give m(-15).
-412
Let q(s) = -4*s**2 + 548*s + 133. Give q(136).
677
Let w(c) = -129599*c - 1944000. Calculate w(-15).
-15
Let w(r) = -r**3 + 65*r**2 + 9652*r - 292. Give w(-71).
-8
Let g(i) = 10*i**2 - 407*i + 3110. Calculate g(9).
257
Let x(k) = -3*k**3 - 74*k**2 - 141*k - 594. Calculate x(-23).
4
Let y(z) = -144*z - 13831. Give y(-96).
-7
Let i(a) = 14*a**3 - 825*a**2 - 29*a - 1770. Give i(59).
0
Let z(a) = 159*a - 19082. Give z(120).
-2
Let n(i) = -3801*i - 4671. Calculate n(-1).
-870
Let u(s) = 2*s**2 + 34*s - 1618. What is u(-41)?
350
Let u(c) = -7*c**3 - 37*c**2 + 12*c - 17. Give u(-7).
487
Let h(v) = -10*v**3 - 290*v**2 + 304*v - 149. Determine h(-30).
-269
Let a(u) = -u**3 + 50*u**2 - 315*u + 6023. Give a(46).
-3
Let n(l) = -4*l**2 + 1847*l + 7919. Determine n(466).
-3
Let n(b) = -15*b**2 + 74*b + 3710. What is n(-15)?
-775
Let n(u) = -10*u**3 - 658*u**2 + 316*u + 12153. Give n(-66).
9
Let m(p) = -233*p**2 + 3154*p - 1251. Determine m(13).
374
Let y(b) = -b**2 + 2032*b + 969964. Determine y(-399).
-5
Let t(a) = -a**3 + 37*a**2 - 10054*a + 360652. What is t(36)?
4
Let v(p) = -2*p**3 + 50*p**2 + 1415*p - 245. What is v(-17)?
-24
Let o(a) = -a**3 - 28*a**2 + 651*a + 4707. Calculate o(-6).
9
Let o(l) = 26*l**2 - 3312*l + 23028. What is o(120)?
-12
Let h(x) = -353*x - 124507. What is h(-357)?
1514
Let x(s) = s**3 - 39*s**2 + 56*s + 732. Determine x(37).
66
Let d(p) = -684*p**2 - 1389*p - 16. What is d(-2)?
26
Let d(h) = -2184*h - 57086. Give d(-26).
-302
Let j(n) = -576*n + 2428. Calculate j(3).
700
Let i(q) = -2*q**2 + 24*q + 34490. What is i(138)?
-286
Let c(q) = 4*q**3 - 280*q**2 - 578*q + 100. Calculate c(72).
-44
Let s(p) = -5*p**3 - 495*p**2 + 497*p - 296. Give s(-100).
4
Let b(h) = -13023*h + 442788. Calculate b(34).
6
Let w(u) = 3*u**2 - 160*u + 2530. Calculate w(36).
658
Let i(n) = 3*n**2 + 26097*n + 26095. Give i(-1).
1
Let u(c) = -c**3 + 19*c**2 - 6087*c + 102878. Determine u(17).
-23
Let y(q) = -q**2 + 14694*q - 205523. Give y(14).
-3
Let x(m) = m**3 + 454*m**2 - 289*m + 75016. Give x(-455).
-514
Let d(s) = 60*s + 3520. What is d(-53)?
340
Let t(f) = -f**2 + 443*f + 121097. Calculate t(-191).
3
Let n(c) = -c**3 - 278*c**2 - 19082*c - 2648. Give n(-155).
-13
Let q(l) = 200*l - 2081. Determine q(11).
119
Let s(z) = -z**3 + 86*z**2 - 440*z - 191. Calculate s(6).
49
Let n(f) = -26360*f + 387. Give n(0).
387
Let y(a) = 109*a + 2870. Give y(-30).
-400
Let o(n) = -15305*n - 29631. What is o(-2)?
979
Let j(n) = 2*n**2 - 567*n - 16120. Give j(-27).
647
Let h(a) = 2*a**2 - 1703*a - 27672. Give h(-16).
88
Let p(h) = 3*h**2 - 454*h - 541. Give p(146).
-2877
Let q(o) = -2*o**3 - 421*o**2 + 199*o - 2723. Calculate q(-211).
-191
Let p(n) = 2*n**2 - 787*n + 49775. Calculate p(80).
-385
Let o(h) = h**2 - 296*h + 26513. What is o(109)?
6130
Let o(l) = -151*l**2 + 68*l + 143. What is o(-2)?
-597
Let x(k) = 17*k**3 - 128*k**2 + 1283*k - 1157. Give x(1).
15
Let l(r) = 421*r - 9571. Calcula